{"id":64,"date":"2017-05-20T10:12:44","date_gmt":"2017-05-20T10:12:44","guid":{"rendered":"https:\/\/cime.math.cnrs.fr\/?page_id=64"},"modified":"2019-06-06T20:05:23","modified_gmt":"2019-06-06T20:05:23","slug":"collaborations","status":"publish","type":"page","link":"https:\/\/cime.math.cnrs.fr\/index.php\/collaborations\/","title":{"rendered":"Exemples de collaborations"},"content":{"rendered":"<p><img loading=\"lazy\" decoding=\"async\" class=\"alignnone wp-image-303 aligncenter\" src=\"https:\/\/cime.math.cnrs.fr\/wp-content\/uploads\/2017\/05\/CIME_h300-3-300x165.png\" alt=\"\" width=\"147\" height=\"81\" srcset=\"https:\/\/cime.math.cnrs.fr\/wp-content\/uploads\/2017\/05\/CIME_h300-3-300x165.png 300w, https:\/\/cime.math.cnrs.fr\/wp-content\/uploads\/2017\/05\/CIME_h300-3.png 547w\" sizes=\"auto, (max-width: 147px) 100vw, 147px\" \/><\/p>\n<p>Nous pr\u00e9sentons quelques exemples de collaborations ayant eu lieu ces derni\u00e8res ann\u00e9es :<\/p>\n<ul>\n<li><a href=\"https:\/\/cime.math.cnrs.fr\/index.php\/hnl\/\"><strong>Pr\u00e9diction d&#8217;\u00e9motions par deep-learning<\/strong><\/a>. Collaboration Laboratoire de Math\u00e9matiques de Lens \/ HNL.<\/li>\n<li><a href=\"https:\/\/cime.math.cnrs.fr\/index.php\/oney-bank\/\"><strong>Classification de donn\u00e9es h\u00e9t\u00e9rog\u00e8nes &#8211; a<\/strong><\/a><strong>pplication au scoring. <\/strong>Collaboration Laboratoire Paul Painlev\u00e9 (Lille) \/ INRIA Lille Nord Europe \/ Oney Bank.<strong><br \/>\n<\/strong><\/li>\n<li><a href=\"https:\/\/cime.math.cnrs.fr\/index.php\/alstom-i\/\"><strong>Classification de donn\u00e9es fonctionnelles &#8211; <\/strong><\/a><strong>Application \u00e0 la d\u00e9tection de dysfonctionnements. <\/strong>Collaboration Laboratoire Paul Painlev\u00e9 (Lille) \/ INRIA Lille Nord Europe \/ Alstom<\/li>\n<li><a href=\"https:\/\/cime.math.cnrs.fr\/index.php\/alstom-ii\/\"><strong>Co-clustering d\u2019occurences de mots &#8211; <\/strong><\/a><strong>Application \u00e0 la classification de rapports d\u2019interventions. <\/strong>Collaboration Laboratoire Paul Painlev\u00e9 (Lille) \/ INRIA Lille Nord Europe \/ Alstom<\/li>\n<li><strong><a href=\"https:\/\/cime.math.cnrs.fr\/index.php\/chickenpods\/\">R\u00e9alisation en ligne du jeu ChickenPods<\/a><\/strong>. Laboratoire Paul Painlev\u00e9 (Lille) \/ cr\u00e9ation d&#8217;une start&#8217;up.<\/li>\n<li><strong><a href=\"https:\/\/cime.math.cnrs.fr\/index.php\/andra-2\/\">Simulation num\u00e9rique de la corrosion<\/a><\/strong>. Collaboration Laboratoire Paul Painlev\u00e9 (Lille) \/ Agence Nationale pour la Gestion des D\u00e9chets Radioactifs (ANDRA).<\/li>\n<li><strong><a href=\"https:\/\/cime.math.cnrs.fr\/index.php\/mecartisan\/\">D\u00e9pliage de formes et visualisation 3D pour la chaudronnerie<\/a><\/strong>. Collaboration LAMAV (Valenciennes) \/ M\u00e9cartisan.<\/li>\n<li><strong><a href=\"https:\/\/cime.math.cnrs.fr\/index.php\/edf-rd\/\">Estimateurs a posteriori pour l&#8217;\u00e9lectromagn\u00e9tisme<\/a><\/strong>. Collaboration Laboratoire Paul Painlev\u00e9 (Lille) \/ LAMAV (Valenciennes) \/ EDF R&amp;D.<\/li>\n<li><strong><a href=\"https:\/\/cime.math.cnrs.fr\/index.php\/edf-areva\/\">Math\u00e9matiques pour le nucl\u00e9aire<\/a><\/strong>. Collaboration Laboratoire Paul Painlev\u00e9 (Lille) \/ EDF-AREVA.<\/li>\n<li><strong><a href=\"https:\/\/cime.math.cnrs.fr\/index.php\/ifpen\/\">Etude et simulation de mod\u00e8les stratigraphiques<\/a><\/strong>. Collaboration Laboratoire Paul Painlev\u00e9 (Lille) \/ IFPEN.<\/li>\n<li><strong><a href=\"https:\/\/cime.math.cnrs.fr\/index.php\/arcelor-mittal-auchan\/\">D\u00e9corr\u00e9lation de variables en r\u00e9gression lin\u00e9aire par mod\u00e8les de sous-r\u00e9gressions<\/a><\/strong>. Collaboration\u00a0Laboratoire Paul Painlev\u00e9 (Lille) \/ Arcelor Mittal (Dunkerque) et Auchan (Villeneuve d&#8217;Ascq).<\/li>\n<li><strong><a href=\"https:\/\/cime.math.cnrs.fr\/index.php\/pixeo\/\">Appariement de descripteurs \u00e9voluant en temps<\/a><\/strong>. Application \u00e0 la comparaison d&#8217;assurances en ligne.\u00a0Collaboration\u00a0Laboratoire Paul Painlev\u00e9 (Lille) \/ Pix\u00e9o.<\/li>\n<li><a href=\"https:\/\/cime.math.cnrs.fr\/index.php\/cylande-rouge-gorge\/\"><strong>Classification de donn\u00e9es complexes &#8211; Application \u00e0 des pr\u00e9vision<\/strong><strong>s de vente<\/strong><\/a>.\u00a0Collaboration\u00a0INRIA Lille Nord Europe \/\u00a0Cylande &#8211; Roubaix et Rouge Gorge &#8211; Neuville en Ferrain.<\/li>\n<li><strong><a href=\"https:\/\/cime.math.cnrs.fr\/index.php\/iadvize\/\">Clustering en ligne : Application \u00e0 la segmentation de clients de sites marchands<\/a><\/strong>. Collaboration\u00a0\u00a0INRIA Lille Nord Europe \/\u00a0iAdvize, Nantes.<\/li>\n<\/ul>\n","protected":false},"excerpt":{"rendered":"<p>Nous pr\u00e9sentons quelques exemples de collaborations ayant eu lieu ces derni\u00e8res ann\u00e9es : Pr\u00e9diction d&#8217;\u00e9motions par deep-learning. Collaboration Laboratoire de Math\u00e9matiques de Lens \/ HNL. Classification de donn\u00e9es h\u00e9t\u00e9rog\u00e8nes &#8211; application au scoring. Collaboration Laboratoire Paul Painlev\u00e9 (Lille) \/ INRIA Lille Nord Europe \/ Oney Bank. Classification de donn\u00e9es fonctionnelles &#8211; Application \u00e0 la d\u00e9tection &hellip; <a href=\"https:\/\/cime.math.cnrs.fr\/index.php\/collaborations\/\" class=\"more-link\">Continue reading <span class=\"screen-reader-text\">Exemples de collaborations<\/span><\/a><\/p>\n","protected":false},"author":1,"featured_media":0,"parent":0,"menu_order":0,"comment_status":"closed","ping_status":"closed","template":"","meta":{"footnotes":""},"class_list":["post-64","page","type-page","status-publish","hentry"],"_links":{"self":[{"href":"https:\/\/cime.math.cnrs.fr\/index.php\/wp-json\/wp\/v2\/pages\/64","targetHints":{"allow":["GET"]}}],"collection":[{"href":"https:\/\/cime.math.cnrs.fr\/index.php\/wp-json\/wp\/v2\/pages"}],"about":[{"href":"https:\/\/cime.math.cnrs.fr\/index.php\/wp-json\/wp\/v2\/types\/page"}],"author":[{"embeddable":true,"href":"https:\/\/cime.math.cnrs.fr\/index.php\/wp-json\/wp\/v2\/users\/1"}],"replies":[{"embeddable":true,"href":"https:\/\/cime.math.cnrs.fr\/index.php\/wp-json\/wp\/v2\/comments?post=64"}],"version-history":[{"count":27,"href":"https:\/\/cime.math.cnrs.fr\/index.php\/wp-json\/wp\/v2\/pages\/64\/revisions"}],"predecessor-version":[{"id":362,"href":"https:\/\/cime.math.cnrs.fr\/index.php\/wp-json\/wp\/v2\/pages\/64\/revisions\/362"}],"wp:attachment":[{"href":"https:\/\/cime.math.cnrs.fr\/index.php\/wp-json\/wp\/v2\/media?parent=64"}],"curies":[{"name":"wp","href":"https:\/\/api.w.org\/{rel}","templated":true}]}}