{"id":236,"date":"2017-05-20T19:00:41","date_gmt":"2017-05-20T19:00:41","guid":{"rendered":"https:\/\/cime.math.cnrs.fr\/?page_id=236"},"modified":"2017-05-20T19:04:32","modified_gmt":"2017-05-20T19:04:32","slug":"pixeo","status":"publish","type":"page","link":"https:\/\/cime.math.cnrs.fr\/index.php\/pixeo\/","title":{"rendered":"Pix\u00e9o"},"content":{"rendered":"<h4 style=\"text-align: center;\"><strong>Appariement de descripteurs evoluant en temps<\/strong><br \/>\n<strong> Application a la comparaison d&#8217;assurance en ligne<\/strong><\/h4>\n<p><img loading=\"lazy\" decoding=\"async\" class=\" wp-image-239 aligncenter\" src=\"https:\/\/cime.math.cnrs.fr\/wp-content\/uploads\/2017\/05\/Logos-Painleve-Pixeo-300x71.png\" alt=\"\" width=\"486\" height=\"115\" srcset=\"https:\/\/cime.math.cnrs.fr\/wp-content\/uploads\/2017\/05\/Logos-Painleve-Pixeo-300x71.png 300w, https:\/\/cime.math.cnrs.fr\/wp-content\/uploads\/2017\/05\/Logos-Painleve-Pixeo-768x181.png 768w, https:\/\/cime.math.cnrs.fr\/wp-content\/uploads\/2017\/05\/Logos-Painleve-Pixeo-1024x241.png 1024w, https:\/\/cime.math.cnrs.fr\/wp-content\/uploads\/2017\/05\/Logos-Painleve-Pixeo.png 1140w\" sizes=\"auto, (max-width: 486px) 100vw, 486px\" \/><\/p>\n<p style=\"text-align: center;\"><em>Collaboration avec Groupe PIXEO, Lille<\/em><\/p>\n<h4>Le projet<\/h4>\n<p>Dans le domaine du web, et plus particuli\u00e8rement de la comparaison d&#8217;assurance en ligne, les donn\u00e9es \u00e9voluent constamment ce qui rend leur exploitation difficile. Par exemple, la plupart des m\u00e9thodes d&#8217;apprentissage standards n\u00e9cessitent des descripteurs de donn\u00e9es identiques pour les \u00e9chantillons d&#8217;apprentissage et test. Cependant, afin de r\u00e9pondre aux attentes m\u00e9tier, les formulaires en ligne d&#8217;o\u00f9 proviennent les donn\u00e9es sont r\u00e9guli\u00e8rement modifi\u00e9s. Cela implique une modification r\u00e9guli\u00e8re des variables et des descripteurs de donn\u00e9es qui complexifie les analyses. Dans ce projet, r\u00e9alis\u00e9 sous forme d&#8217;une th\u00e8se CIFRE initi\u00e9e en juin 2015 (\u00e0 la suite d&#8217;un contrat de recherche) entre le Laboratoire Paul Painlev\u00e9, Inria et Groupe PIXEO (comparateurs d&#8217;assurances en ligne), nous proposons une m\u00e9thode permettant d&#8217;estimer et de comprendre les liens qui se forment lors de la modification des descripteurs de donn\u00e9es afin de les apparier. Cette \u00e9tape est pr\u00e9liminaire \u00e0 l&#8217;application de nombreuses m\u00e9thodes d&#8217;apprentissage ult\u00e9rieures.<\/p>\n<p><img loading=\"lazy\" decoding=\"async\" class=\"alignnone  wp-image-242 aligncenter\" src=\"https:\/\/cime.math.cnrs.fr\/wp-content\/uploads\/2017\/05\/graphe-pixeo-300x291.jpg\" alt=\"\" width=\"200\" height=\"195\" srcset=\"https:\/\/cime.math.cnrs.fr\/wp-content\/uploads\/2017\/05\/graphe-pixeo-300x291.jpg 300w, https:\/\/cime.math.cnrs.fr\/wp-content\/uploads\/2017\/05\/graphe-pixeo.jpg 581w\" sizes=\"auto, (max-width: 200px) 100vw, 200px\" \/><\/p>\n<h4>Publication<\/h4>\n<p>[1] A.-L. Bedenel, C. Biernacki, L. Jourdan. <a href=\"http:\/\/jds2016.sfds.asso.fr\/\">Appariement de descripteurs evoluant en temps &#8211; Application a la comparaison d&#8217;assurance en ligne<\/a>. 48\u00b0 journ\u00e9es de statistiques, Montpellier, France, SFDS, June 2016.<\/p>\n<h4>Package\/logiciel<\/h4>\n<p>A venir&#8230;<\/p>\n<h4>Contact<\/h4>\n<p>Christophe BIERNACKI : <a href=\"mailto:christophe.biernacki@math.univ-lille1.fr\">christophe.biernacki[AT]math.univ-lille1.fr<\/a><\/p>\n","protected":false},"excerpt":{"rendered":"<p>Appariement de descripteurs evoluant en temps Application a la comparaison d&#8217;assurance en ligne Collaboration avec Groupe PIXEO, Lille Le projet Dans le domaine du web, et plus particuli\u00e8rement de la comparaison d&#8217;assurance en ligne, les donn\u00e9es \u00e9voluent constamment ce qui rend leur exploitation difficile. Par exemple, la plupart des m\u00e9thodes d&#8217;apprentissage standards n\u00e9cessitent des descripteurs &hellip; <a href=\"https:\/\/cime.math.cnrs.fr\/index.php\/pixeo\/\" class=\"more-link\">Continue reading <span class=\"screen-reader-text\">Pix\u00e9o<\/span><\/a><\/p>\n","protected":false},"author":1,"featured_media":0,"parent":0,"menu_order":0,"comment_status":"closed","ping_status":"closed","template":"","meta":{"footnotes":""},"class_list":["post-236","page","type-page","status-publish","hentry"],"_links":{"self":[{"href":"https:\/\/cime.math.cnrs.fr\/index.php\/wp-json\/wp\/v2\/pages\/236","targetHints":{"allow":["GET"]}}],"collection":[{"href":"https:\/\/cime.math.cnrs.fr\/index.php\/wp-json\/wp\/v2\/pages"}],"about":[{"href":"https:\/\/cime.math.cnrs.fr\/index.php\/wp-json\/wp\/v2\/types\/page"}],"author":[{"embeddable":true,"href":"https:\/\/cime.math.cnrs.fr\/index.php\/wp-json\/wp\/v2\/users\/1"}],"replies":[{"embeddable":true,"href":"https:\/\/cime.math.cnrs.fr\/index.php\/wp-json\/wp\/v2\/comments?post=236"}],"version-history":[{"count":3,"href":"https:\/\/cime.math.cnrs.fr\/index.php\/wp-json\/wp\/v2\/pages\/236\/revisions"}],"predecessor-version":[{"id":243,"href":"https:\/\/cime.math.cnrs.fr\/index.php\/wp-json\/wp\/v2\/pages\/236\/revisions\/243"}],"wp:attachment":[{"href":"https:\/\/cime.math.cnrs.fr\/index.php\/wp-json\/wp\/v2\/media?parent=236"}],"curies":[{"name":"wp","href":"https:\/\/api.w.org\/{rel}","templated":true}]}}