{"id":184,"date":"2017-05-20T17:27:35","date_gmt":"2017-05-20T17:27:35","guid":{"rendered":"https:\/\/cime.math.cnrs.fr\/?page_id=184"},"modified":"2017-05-20T17:51:29","modified_gmt":"2017-05-20T17:51:29","slug":"mecartisan","status":"publish","type":"page","link":"https:\/\/cime.math.cnrs.fr\/index.php\/mecartisan\/","title":{"rendered":"M\u00e9cartisan"},"content":{"rendered":"<h4 style=\"text-align: center;\"><strong>D\u00e9pliage de formes et visualisation 3D pour la chaudronnerie<\/strong><\/h4>\n<p><img loading=\"lazy\" decoding=\"async\" class=\" wp-image-189 aligncenter\" src=\"https:\/\/cime.math.cnrs.fr\/wp-content\/uploads\/2017\/05\/Logos-LAMAV-Mecartisan-300x108.png\" alt=\"\" width=\"358\" height=\"129\" srcset=\"https:\/\/cime.math.cnrs.fr\/wp-content\/uploads\/2017\/05\/Logos-LAMAV-Mecartisan-300x108.png 300w, https:\/\/cime.math.cnrs.fr\/wp-content\/uploads\/2017\/05\/Logos-LAMAV-Mecartisan-768x277.png 768w, https:\/\/cime.math.cnrs.fr\/wp-content\/uploads\/2017\/05\/Logos-LAMAV-Mecartisan.png 892w\" sizes=\"auto, (max-width: 358px) 100vw, 358px\" \/><\/p>\n<p style=\"text-align: center;\"><em>Collaboration LAMAV &#8211; M\u00e9cartisan<\/em><\/p>\n<h4>Le projet<\/h4>\n<p>Le domaine de la chaudronnerie n\u00e9cessite en permanence de s&#8217;adapter aux contraintes des clients, en fabriquant des pi\u00e8ces de forme et de proportions sp\u00e9cifiques aux situations. Afin de les obtenir, l&#8217;utilisation d&#8217;un logiciel d\u00e9di\u00e9 \u00e0 leur virtualisation et \u00e0 leur \u00e9laboration est n\u00e9cessaire. La collaboration entre l&#8217;entreprise Mecartisan et le LAMAV se situe \u00e0 deux niveaux. Le premier correspond \u00e0 la param\u00e9trisation des cas d&#8217;\u00e9tude pour \u00e9tablir le calcul des \u00e9quations de mise \u00e0 plat. Le second consiste en la visualisation 3D des formes pour v\u00e9rifier la conformit\u00e9 des pi\u00e8ces en cours de d\u00e9finition . Les \u00e9tapes de param\u00e9trisation, de construction 3D des maillages et de calcul des intersections sont n\u00e9cessaires pour d\u00e9terminer le d\u00e9pliage de chaque pi\u00e8ce.<\/p>\n<p><img loading=\"lazy\" decoding=\"async\" class=\" wp-image-190 aligncenter\" src=\"https:\/\/cime.math.cnrs.fr\/wp-content\/uploads\/2017\/05\/formes-298x300.png\" alt=\"\" width=\"192\" height=\"193\" srcset=\"https:\/\/cime.math.cnrs.fr\/wp-content\/uploads\/2017\/05\/formes-298x300.png 298w, https:\/\/cime.math.cnrs.fr\/wp-content\/uploads\/2017\/05\/formes-150x150.png 150w, https:\/\/cime.math.cnrs.fr\/wp-content\/uploads\/2017\/05\/formes.png 582w\" sizes=\"auto, (max-width: 192px) 100vw, 192px\" \/><\/p>\n<h4>Contacts<\/h4>\n<p>Isabelle CATTIAUX :\u00a0<a href=\"mailto:isabelle.cattiaux@univ-valenciennes.fr\">isabelle.cattiaux[AT]univ-valenciennes.fr<\/a><br \/>\nThierry BAY :\u00a0<a href=\"mailto:thierry.bay@univ-valenciennes.fr\">thierry.bay[AT]univ-valenciennes.fr<\/a><\/p>\n","protected":false},"excerpt":{"rendered":"<p>D\u00e9pliage de formes et visualisation 3D pour la chaudronnerie Collaboration LAMAV &#8211; M\u00e9cartisan Le projet Le domaine de la chaudronnerie n\u00e9cessite en permanence de s&#8217;adapter aux contraintes des clients, en fabriquant des pi\u00e8ces de forme et de proportions sp\u00e9cifiques aux situations. Afin de les obtenir, l&#8217;utilisation d&#8217;un logiciel d\u00e9di\u00e9 \u00e0 leur virtualisation et \u00e0 leur &hellip; <a href=\"https:\/\/cime.math.cnrs.fr\/index.php\/mecartisan\/\" class=\"more-link\">Continue reading <span class=\"screen-reader-text\">M\u00e9cartisan<\/span><\/a><\/p>\n","protected":false},"author":1,"featured_media":0,"parent":0,"menu_order":0,"comment_status":"closed","ping_status":"closed","template":"","meta":{"footnotes":""},"class_list":["post-184","page","type-page","status-publish","hentry"],"_links":{"self":[{"href":"https:\/\/cime.math.cnrs.fr\/index.php\/wp-json\/wp\/v2\/pages\/184","targetHints":{"allow":["GET"]}}],"collection":[{"href":"https:\/\/cime.math.cnrs.fr\/index.php\/wp-json\/wp\/v2\/pages"}],"about":[{"href":"https:\/\/cime.math.cnrs.fr\/index.php\/wp-json\/wp\/v2\/types\/page"}],"author":[{"embeddable":true,"href":"https:\/\/cime.math.cnrs.fr\/index.php\/wp-json\/wp\/v2\/users\/1"}],"replies":[{"embeddable":true,"href":"https:\/\/cime.math.cnrs.fr\/index.php\/wp-json\/wp\/v2\/comments?post=184"}],"version-history":[{"count":6,"href":"https:\/\/cime.math.cnrs.fr\/index.php\/wp-json\/wp\/v2\/pages\/184\/revisions"}],"predecessor-version":[{"id":204,"href":"https:\/\/cime.math.cnrs.fr\/index.php\/wp-json\/wp\/v2\/pages\/184\/revisions\/204"}],"wp:attachment":[{"href":"https:\/\/cime.math.cnrs.fr\/index.php\/wp-json\/wp\/v2\/media?parent=184"}],"curies":[{"name":"wp","href":"https:\/\/api.w.org\/{rel}","templated":true}]}}